 base 15
-6ca95
What is 3325dd (base 15) in base 16?
2533c3
What is 112000001 (base 3) in base 8?
23737
What is 1474034 (base 10) in base 5?
334132114
Convert 11022102232 (base 4) to base 12.
552aba
1214b6 (base 16) to base 11
73a2a8
What is -1c1942 (base 16) in base 10?
-1841474
114583 (base 12) to base 6
5535443
240474 (base 8) to base 12
3b710
Convert -40495d (base 15) to base 8.
-13513071
What is -200222022112 (base 3) in base 6?
-12001022
Convert bb6ef (base 16) to base 7.
6345162
What is 7767532 (base 10) in base 15?
a36757
Convert 150453 (base 14) to base 10.
730761
Convert -11e4ff (base 16) to base 3.
-2012120200122
Convert -278a65 (base 12) to base 5.
-132030112
What is -10022112011020 (base 3) in base 2?
-110101110001100111011
What is 8c0ad2 (base 15) in base 5?
3202404242
What is -102012212 (base 5) in base 16?
-67397
Convert 110011101110010100 (base 2) to base 12.
a2730
Convert 20102102000 (base 3) to base 12.
611a6
Convert -2010123 (base 4) to base 14.
-3135
Convert 37868 (base 15) to base 6.
3445142
144235531 (base 6) to base 12
100bba7
Convert -201266544 (base 7) to base 9.
-24008080
Convert 4462132 (base 7) to base 15.
adcad
Convert 606042 (base 7) to base 14.
29722
-372075 (base 8) to base 15
-27e26
6483601 (base 9) to base 15
48b1a4
Convert -89617 (base 10) to base 15.
-1b847
Convert -405760 (base 9) to base 7.
-2021025
What is 1001110011101000111010 (base 2) in base 12?
a3b8a2
Convert -1d746d (base 15) to base 9.
-2637204
-641040 (base 9) to base 4
-1131011313
Convert 6303603 (base 7) to base 9.
1374253
2442048 (base 9) to base 14
267772
22515121 (base 7) to base 3
10201010011011
What is 300122 (base 4) in base 14?
11b4
Convert -93985 (base 10) to base 5.
-11001420
What is 1003033311 (base 4) in base 10?
275445
Convert 1111210210120 (base 3) to base 5.
201200321
-88bd3 (base 15) to base 6
-13152213
Convert -9968 (base 11) to base 5.
-410032
Convert -81891 (base 14) to base 15.
-62597
Convert -12023 (base 10) to base 3.
-121111022
-1100101011000111100 (base 2) to base 4
-1211120330
Convert -74a3997 (base 11) to base 7.
-220112300
Convert 142647 (base 8) to base 10.
50599
Convert -40432005 (base 6) to base 5.
-243431143
What is -2210096 (base 12) in base 11?
-3733439
Convert 218a9 (base 11) to base 8.
75724
-5707144 (base 10) to base 14
-a87c12
44342101 (base 5) to base 8
1364117
56404 (base 8) to base 9
35587
What is -141311133 (base 5) in base 16?
-b1f56
Convert -4534301 (base 10) to base 15.
-5e876b
-1111011100001100000111 (base 2) to base 15
-54e468
4231230 (base 5) to base 15
15eb0
Convert 4954d (base 14) to base 10.
179409
a5104 (base 12) to base 14
58ab2
Convert 2542665 (base 10) to base 6.
130255333
112022 (base 5) to base 14
1668
What is -128186 (base 9) in base 16?
-13152
What is 5222523 (base 6) in base 2?
111101100010010011
2065014 (base 7) to base 12
101606
Convert -3225776 (base 8) to base 10.
-863230
100100010101100100000 (base 2) to base 8
4425440
-231b6 (base 14) to base 3
-11100011201
48414 (base 14) to base 13
623b8
Convert 4223291 (base 10) to base 11.
2425026
What is 3091162 (base 10) in base 13?
842cb9
-585351 (base 10) to base 5
-122212401
What is -94347 (base 15) in base 3?
-212212112111
Convert -ae9fd (base 16) to base 6.
-23155221
What is 3122536 (base 7) in base 10?
375514
-10c453a (base 13) to base 15
-6c48b8
Convert -627443 (base 8) to base 11.
-132865
1587764 (base 11) to base 10
2704178
16330545 (base 7) to base 8
6034213
-4602015 (base 7) to base 10
-572136
-24b838 (base 15) to base 7
-20650601
What is 41304134 (base 7) in base 13?
943727
Convert 167731 (base 9) to base 3.
12021211001
bc5c2 (base 16) to base 11
487724
-329a1 (base 12) to base 7
-366400
Convert a68b51 (base 14) to base 8.
25371623
Convert -117556b (base 14) to base 15.
-aee5cc
Convert 13333003332 (base 4) to base 9.
3840430
What is -112137 (base 10) in base 6?
-2223053
What is 58db98 (base 16) in base 2?
10110001101101110011000
-2324931 (base 10) to base 4
-20313213003
What is 103a5 (base 16) in base 2?
10000001110100101
What is 3b0069 (base 13) in base 7?
15065444
Convert -1530154 (base 6) to base 14.
-24886
Convert -11010200222112 (base 3) to base 8.
-10306173
Convert 1245032 (base 9) to base 7.
5526632
-10537 (base 16) to base 9
-111651
Convert 4127f (base 16) to base 7.
2161034
Convert -331404 (base 8) to base 4.
-123030010
What is -a666 (base 14) in base 15?
-878b
-10011000011010000 (base 2) to base 9
-128032
What is -1944bbb (base 12) in base 3?
-101000010121222
Convert 1025d6 (base 14) to base 7.
4425256
Convert -243518 (base 11) to base 5.
-44312113
Convert 88b15 (base 13) to base 9.
417100
What is -38782f (base 16) in base 12?
-12a57a7
What is 2b7ec2 (base 16) in base 9?
5324130
-61225 (base 12) to base 3
-20102110202
14122363 (base 7) to base 4
11001130102
What is -47a005 (base 11) in base 4?
-2321203012
What is 5096f (base 16) in base 3?
121202210202
110101002202120 (base 3) to base 10
6576135
515bb (base 14) to base 13
6b277
What is -101323213033 (base 4) in base 7?
-54645304
-891d8b (base 15) to base 5
-3133141211
What is -714551 (base 11) in base 6?
-40334423
Convert -240653 (base 7) to base 9.
-65658
Convert 20165374 (base 8) to base 7.
51106450
What is -271640 (base 8) in base 10?
-95136
Convert -11100000100010011101 (base 2) to base 15.
-13278e
38c66 (base 14) to base 6
2554254
7066 (base 15) to base 8
56251
-11001011001001001 (base 2) to base 7
-612143
Convert -56680 (base 14) to base 11.
-133717
Convert 100101111111000100000 (base 2) to base 14.
245876
Convert -101001100101110011100 (base 2) to base 9.
-2506421
-37146057 (base 8) to base 13
-19048b6
-18b7 (base 14) to base 3
-20010200
-22b7b0 (base 12) to base 9
-1042166
-314141 (base 7) to base 2
-1101010000000000
Convert 3eb3ba (base 15) to base 4.
23202133102
-73e0d (base 16) to base 12
-1aa811
-1100032 (base 5) to base 16
-494f
41b87 (base 13) to base 15
25141
Convert 10011111001000000001 (base 2) to base 15.
cd1bc
Convert -4241252 (base 9) to base 4.
-20222131010
-1957417 (base 13) to base 7
-130531630
Convert 2976b1 (base 14) to base 4.
11200002023
What is -1522356 (base 10) in base 16?
-173ab4
Convert 122141505 (base 7) to base 9.
15386006
What is 122dd (base 14) in base 10?
44491
Convert -10201453 (base 6) to base 14.
-79b85
Convert 4430000 (base 6) to base 3.
102021000000
What is -3056644 (base 7) in base 14?
-97c24
What is 3a1827 (base 12) in base 9?
1717384
Convert 101001111000010101101 (base 2) to base 16.
14f0ad
12133211213 (base 4) to base 6
100252435
1c539 (base 13) to base 15
11813
Convert 10010111110101101000010 (base 2) to base 12.
17bb36a
What is 13110231230 (base 4) in base 14?
37d924
What is -735331 (base 9) in base 16?
-6aace
Convert 31243205 (base 6) to base 4.
3131222111
-111111110100011000 (base 2) to base 4
-333310120
What is 1550176 (base 9) in base 12?
355589
What is -315610 (base 8) in base 2?
-11001101110001000
-102132562 (base 7) to base 3
-102100002212021
What is 202101230 (base 4) in base 8?
422154
What is -241722 (base 13) in base 14?
-1856d8
What is 11347020 (base 8) in base 15?
33e174
Convert -410511251 (base 6) to base 10.
-7038895
-11101010011101110010110 (base 2) to base 13
-1790045
Convert -2430 (base 9) to base 10.
-1809
Convert -1977087 (base 10) to base 11.
-1130462
-529994 (base 11) to base 12
-34a6a4
9371 (base 10) to base 15
2b9b
Convert 100100000101011011101 (base 2) to base 12.
490339
What is 8e375 (base 15) in base 4?
1232212223
-46018 (base 11) to base 6
-1232105
-3152210 (base 9) to base 15
-235156
3a67e (base 15) to base 6
4002102
Convert 5024541 (base 6) to base 3.
110001000121
Convert 4670260 (base 8) to base 12.
515354
What is 10435420 (base 6) in base 11?
1a65a2
Convert -21032001331 (base 4) to base 10.
-2416765
Convert 2411c1 (base 13) to base 2.
11010001110011011001
What is -11303211011 (base 4) in base 2?
-101110011100101000101
Convert 1870152 (base 11) to base 10.
3162634
What is 1cc8aa (base 14) in base 10?
1033462
Convert 33899 (base 11) to base 7.
262556
Convert 1022022212211 (base 3) to base 11.
4354a4
Convert 1684079 (base 10) to base 16.
19b26f
1101010001110011101000 (base 2) to base 5
1342341213
-2308170 (base 10) to base 16
-23384a
-153522 (base 6) to base 13
-6b45
Convert -23501 (base 13)